{"id":452,"date":"2023-10-13T20:51:58","date_gmt":"2023-10-13T23:51:58","guid":{"rendered":"https:\/\/edvar.pro.br\/sindproifespa\/?page_id=452"},"modified":"2023-10-13T21:26:46","modified_gmt":"2023-10-14T00:26:46","slug":"diretoria","status":"publish","type":"page","link":"https:\/\/edvar.pro.br\/sindproifespa\/diretoria\/","title":{"rendered":"Diretoria"},"content":{"rendered":"\t\t<div data-elementor-type=\"wp-page\" data-elementor-id=\"452\" class=\"elementor elementor-452\" data-elementor-post-type=\"page\">\n\t\t\t\t<div class=\"elementor-element elementor-element-2ee9e55 e-flex e-con-boxed e-con e-parent\" data-id=\"2ee9e55\" data-element_type=\"container\" data-settings=\"{&quot;background_background&quot;:&quot;classic&quot;}\">\n\t\t\t\t\t<div class=\"e-con-inner\">\n\t\t\t\t<div class=\"elementor-element elementor-element-53c0dd8 elementor-widget elementor-widget-heading\" data-id=\"53c0dd8\" data-element_type=\"widget\" data-widget_type=\"heading.default\">\n\t\t\t\t<div class=\"elementor-widget-container\">\n\t\t\t\t\t<h2 class=\"elementor-heading-title elementor-size-default\">Diretoria Atual<\/h2>\t\t\t\t<\/div>\n\t\t\t\t<\/div>\n\t\t\t\t\t<\/div>\n\t\t\t\t<\/div>\n\t\t<div class=\"elementor-element elementor-element-5f6d609 e-flex e-con-boxed e-con e-parent\" data-id=\"5f6d609\" data-element_type=\"container\">\n\t\t\t\t\t<div class=\"e-con-inner\">\n\t\t<div class=\"elementor-element elementor-element-e7e12cf e-con-full e-flex e-con e-child\" data-id=\"e7e12cf\" data-element_type=\"container\">\n\t\t\t\t<\/div>\n\t\t<div class=\"elementor-element elementor-element-f635989 e-con-full e-flex e-con e-child\" data-id=\"f635989\" data-element_type=\"container\">\n\t\t\t\t<div class=\"elementor-element elementor-element-4ccef78 elementor-widget elementor-widget-text-editor\" data-id=\"4ccef78\" data-element_type=\"widget\" data-widget_type=\"text-editor.default\">\n\t\t\t\t<div class=\"elementor-widget-container\">\n\t\t\t\t\t\t\t\t\t<p>A Diretoria Executiva do PROIFES-Federa\u00e7\u00e3o \u00e9 composta por membros do Conselho Deliberativo eleitos para um mandato trienal. S\u00e3o dezoito diretorias com representantes de todos os sindicatos federados ao PROIFES, com a responsabilidade da condu\u00e7\u00e3o da Federa\u00e7\u00e3o para os per\u00edodos eleitos, e tamb\u00e9m representando o PROIFES em atos, solenidades e eventos institucionais, governamentais e legislativos, no Brasil e no exterior.<\/p>\t\t\t\t\t\t\t\t<\/div>\n\t\t\t\t<\/div>\n\t\t\t\t<\/div>\n\t\t<div class=\"elementor-element elementor-element-57d6728 e-con-full e-flex e-con e-child\" data-id=\"57d6728\" data-element_type=\"container\">\n\t\t\t\t<\/div>\n\t\t\t\t\t<\/div>\n\t\t\t\t<\/div>\n\t\t<div class=\"elementor-element elementor-element-645bac5 e-flex e-con-boxed e-con e-parent\" data-id=\"645bac5\" data-element_type=\"container\">\n\t\t\t\t\t<div class=\"e-con-inner\">\n\t\t<div class=\"elementor-element elementor-element-79874f1 e-con-full e-flex e-con e-child\" data-id=\"79874f1\" data-element_type=\"container\">\n\t\t\t\t<div class=\"elementor-element elementor-element-c291fc2 elementor-position-top elementor-widget elementor-widget-image-box\" data-id=\"c291fc2\" data-element_type=\"widget\" data-widget_type=\"image-box.default\">\n\t\t\t\t<div class=\"elementor-widget-container\">\n\t\t\t\t\t<div class=\"elementor-image-box-wrapper\"><figure class=\"elementor-image-box-img\"><img fetchpriority=\"high\" decoding=\"async\" width=\"200\" height=\"293\" src=\"https:\/\/edvar.pro.br\/sindproifespa\/wp-content\/uploads\/2023\/10\/walber.jpg\" class=\"attachment-medium size-medium wp-image-488\" alt=\"\" \/><\/figure><div class=\"elementor-image-box-content\"><h3 class=\"elementor-image-box-title\">Prof. Dr. Walber Lopes de Abreu<\/h3><p class=\"elementor-image-box-description\">Presidente do Sindproifes-PA<\/p><\/div><\/div>\t\t\t\t<\/div>\n\t\t\t\t<\/div>\n\t\t\t\t<\/div>\n\t\t<div class=\"elementor-element elementor-element-df32072 e-con-full e-flex e-con e-child\" data-id=\"df32072\" data-element_type=\"container\">\n\t\t\t\t<div class=\"elementor-element elementor-element-43d8300 elementor-position-top elementor-widget elementor-widget-image-box\" data-id=\"43d8300\" data-element_type=\"widget\" data-widget_type=\"image-box.default\">\n\t\t\t\t<div class=\"elementor-widget-container\">\n\t\t\t\t\t<div class=\"elementor-image-box-wrapper\"><figure class=\"elementor-image-box-img\"><img decoding=\"async\" width=\"200\" height=\"300\" src=\"https:\/\/edvar.pro.br\/sindproifespa\/wp-content\/uploads\/2023\/10\/MARIA-SOCORRO-min-200x300-1.png\" class=\"attachment-medium size-medium wp-image-465\" alt=\"\" \/><\/figure><div class=\"elementor-image-box-content\"><h3 class=\"elementor-image-box-title\">Prof. Dr. Maria do Socorro da Costa Coelho<\/h3><p class=\"elementor-image-box-description\">Vice-Presidente do Sindproifes-PA<\/p><\/div><\/div>\t\t\t\t<\/div>\n\t\t\t\t<\/div>\n\t\t\t\t<\/div>\n\t\t<div class=\"elementor-element elementor-element-690f345 e-con-full e-flex e-con e-child\" data-id=\"690f345\" data-element_type=\"container\">\n\t\t\t\t<div class=\"elementor-element elementor-element-4d0f104 elementor-position-top elementor-widget elementor-widget-image-box\" data-id=\"4d0f104\" data-element_type=\"widget\" data-widget_type=\"image-box.default\">\n\t\t\t\t<div class=\"elementor-widget-container\">\n\t\t\t\t\t<div class=\"elementor-image-box-wrapper\"><figure class=\"elementor-image-box-img\"><img decoding=\"async\" width=\"200\" height=\"298\" src=\"https:\/\/edvar.pro.br\/sindproifespa\/wp-content\/uploads\/2023\/10\/edvar.jpg\" class=\"attachment-medium size-medium wp-image-490\" alt=\"\" \/><\/figure><div class=\"elementor-image-box-content\"><h3 class=\"elementor-image-box-title\">Prof. Dr. Edvar da Luz Oliveira<\/h3><p class=\"elementor-image-box-description\">1\u00ba Secret\u00e1rio do Sindproifes-PA<\/p><\/div><\/div>\t\t\t\t<\/div>\n\t\t\t\t<\/div>\n\t\t\t\t<\/div>\n\t\t<div class=\"elementor-element elementor-element-488764c e-con-full e-flex e-con e-child\" data-id=\"488764c\" data-element_type=\"container\">\n\t\t\t\t<div class=\"elementor-element elementor-element-057a8e5 elementor-position-top elementor-widget elementor-widget-image-box\" data-id=\"057a8e5\" data-element_type=\"widget\" data-widget_type=\"image-box.default\">\n\t\t\t\t<div class=\"elementor-widget-container\">\n\t\t\t\t\t<div class=\"elementor-image-box-wrapper\"><figure class=\"elementor-image-box-img\"><img decoding=\"async\" width=\"200\" height=\"300\" src=\"https:\/\/edvar.pro.br\/sindproifespa\/wp-content\/uploads\/2023\/10\/MARIA-SOCORRO-min-200x300-1.png\" class=\"attachment-medium size-medium wp-image-465\" alt=\"\" \/><\/figure><div class=\"elementor-image-box-content\"><h3 class=\"elementor-image-box-title\">Prof. Dr. Walber xxxx<\/h3><p class=\"elementor-image-box-description\">Presidente do Sindproifes-PA<\/p><\/div><\/div>\t\t\t\t<\/div>\n\t\t\t\t<\/div>\n\t\t\t\t<\/div>\n\t\t\t\t\t<\/div>\n\t\t\t\t<\/div>\n\t\t\t\t<\/div>\n\t\t","protected":false},"excerpt":{"rendered":"<p>Diretoria Atual A Diretoria Executiva do PROIFES-Federa\u00e7\u00e3o \u00e9 composta por membros do Conselho Deliberativo eleitos para um mandato trienal. S\u00e3o dezoito diretorias com representantes de todos os sindicatos federados ao PROIFES, com a responsabilidade da condu\u00e7\u00e3o da Federa\u00e7\u00e3o para os per\u00edodos eleitos, e tamb\u00e9m representando o PROIFES em atos, solenidades e eventos institucionais, governamentais e [&hellip;]<\/p>\n","protected":false},"author":1,"featured_media":0,"parent":0,"menu_order":0,"comment_status":"closed","ping_status":"closed","template":"","meta":{"footnotes":""},"class_list":["post-452","page","type-page","status-publish","hentry"],"_links":{"self":[{"href":"https:\/\/edvar.pro.br\/sindproifespa\/wp-json\/wp\/v2\/pages\/452","targetHints":{"allow":["GET"]}}],"collection":[{"href":"https:\/\/edvar.pro.br\/sindproifespa\/wp-json\/wp\/v2\/pages"}],"about":[{"href":"https:\/\/edvar.pro.br\/sindproifespa\/wp-json\/wp\/v2\/types\/page"}],"author":[{"embeddable":true,"href":"https:\/\/edvar.pro.br\/sindproifespa\/wp-json\/wp\/v2\/users\/1"}],"replies":[{"embeddable":true,"href":"https:\/\/edvar.pro.br\/sindproifespa\/wp-json\/wp\/v2\/comments?post=452"}],"version-history":[{"count":34,"href":"https:\/\/edvar.pro.br\/sindproifespa\/wp-json\/wp\/v2\/pages\/452\/revisions"}],"predecessor-version":[{"id":496,"href":"https:\/\/edvar.pro.br\/sindproifespa\/wp-json\/wp\/v2\/pages\/452\/revisions\/496"}],"wp:attachment":[{"href":"https:\/\/edvar.pro.br\/sindproifespa\/wp-json\/wp\/v2\/media?parent=452"}],"curies":[{"name":"wp","href":"https:\/\/api.w.org\/{rel}","templated":true}]}}

<div data-elementor-type="wp-page" data-elementor-id="452" class="elementor elementor-452" data-elementor-post-type="page">
				<div class="elementor-element elementor-element-2ee9e55 e-flex e-con-boxed e-con e-parent" data-id="2ee9e55" data-element_type="container" data-settings="{&quot;background_background&quot;:&quot;classic&quot;}">
					<div class="e-con-inner">
				<div class="elementor-element elementor-element-53c0dd8 elementor-widget elementor-widget-heading" data-id="53c0dd8" data-element_type="widget" data-widget_type="heading.default">
				<div class="elementor-widget-container">
					<h2 class="elementor-heading-title elementor-size-default">Diretoria Atual</h2>				</div>
				</div>
					</div>
				</div>
		<div class="elementor-element elementor-element-5f6d609 e-flex e-con-boxed e-con e-parent" data-id="5f6d609" data-element_type="container">
					<div class="e-con-inner">
		<div class="elementor-element elementor-element-e7e12cf e-con-full e-flex e-con e-child" data-id="e7e12cf" data-element_type="container">
				</div>
		<div class="elementor-element elementor-element-f635989 e-con-full e-flex e-con e-child" data-id="f635989" data-element_type="container">
				<div class="elementor-element elementor-element-4ccef78 elementor-widget elementor-widget-text-editor" data-id="4ccef78" data-element_type="widget" data-widget_type="text-editor.default">
				<div class="elementor-widget-container">
									<p>A Diretoria Executiva do PROIFES-Federação é composta por membros do Conselho Deliberativo eleitos para um mandato trienal. São dezoito diretorias com representantes de todos os sindicatos federados ao PROIFES, com a responsabilidade da condução da Federação para os períodos eleitos, e também representando o PROIFES em atos, solenidades e eventos institucionais, governamentais e legislativos, no Brasil e no exterior.</p>								</div>
				</div>
				</div>
		<div class="elementor-element elementor-element-57d6728 e-con-full e-flex e-con e-child" data-id="57d6728" data-element_type="container">
				</div>
					</div>
				</div>
		<div class="elementor-element elementor-element-645bac5 e-flex e-con-boxed e-con e-parent" data-id="645bac5" data-element_type="container">
					<div class="e-con-inner">
		<div class="elementor-element elementor-element-79874f1 e-con-full e-flex e-con e-child" data-id="79874f1" data-element_type="container">
				<div class="elementor-element elementor-element-c291fc2 elementor-position-top elementor-widget elementor-widget-image-box" data-id="c291fc2" data-element_type="widget" data-widget_type="image-box.default">
				<div class="elementor-widget-container">
					<div class="elementor-image-box-wrapper"><figure class="elementor-image-box-img"><img fetchpriority="high" decoding="async" width="200" height="293" src="https://edvar.pro.br/sindproifespa/wp-content/uploads/2023/10/walber.jpg" class="attachment-medium size-medium wp-image-488" alt="" /></figure><div class="elementor-image-box-content"><h3 class="elementor-image-box-title">Prof. Dr. Walber Lopes de Abreu</h3><p class="elementor-image-box-description">Presidente do Sindproifes-PA</p></div></div>				</div>
				</div>
				</div>
		<div class="elementor-element elementor-element-df32072 e-con-full e-flex e-con e-child" data-id="df32072" data-element_type="container">
				<div class="elementor-element elementor-element-43d8300 elementor-position-top elementor-widget elementor-widget-image-box" data-id="43d8300" data-element_type="widget" data-widget_type="image-box.default">
				<div class="elementor-widget-container">
					<div class="elementor-image-box-wrapper"><figure class="elementor-image-box-img"><img decoding="async" width="200" height="300" src="https://edvar.pro.br/sindproifespa/wp-content/uploads/2023/10/MARIA-SOCORRO-min-200x300-1.png" class="attachment-medium size-medium wp-image-465" alt="" /></figure><div class="elementor-image-box-content"><h3 class="elementor-image-box-title">Prof. Dr. Maria do Socorro da Costa Coelho</h3><p class="elementor-image-box-description">Vice-Presidente do Sindproifes-PA</p></div></div>				</div>
				</div>
				</div>
		<div class="elementor-element elementor-element-690f345 e-con-full e-flex e-con e-child" data-id="690f345" data-element_type="container">
				<div class="elementor-element elementor-element-4d0f104 elementor-position-top elementor-widget elementor-widget-image-box" data-id="4d0f104" data-element_type="widget" data-widget_type="image-box.default">
				<div class="elementor-widget-container">
					<div class="elementor-image-box-wrapper"><figure class="elementor-image-box-img"><img decoding="async" width="200" height="298" src="https://edvar.pro.br/sindproifespa/wp-content/uploads/2023/10/edvar.jpg" class="attachment-medium size-medium wp-image-490" alt="" /></figure><div class="elementor-image-box-content"><h3 class="elementor-image-box-title">Prof. Dr. Edvar da Luz Oliveira</h3><p class="elementor-image-box-description">1º Secretário do Sindproifes-PA</p></div></div>				</div>
				</div>
				</div>
		<div class="elementor-element elementor-element-488764c e-con-full e-flex e-con e-child" data-id="488764c" data-element_type="container">
				<div class="elementor-element elementor-element-057a8e5 elementor-position-top elementor-widget elementor-widget-image-box" data-id="057a8e5" data-element_type="widget" data-widget_type="image-box.default">
				<div class="elementor-widget-container">
					<div class="elementor-image-box-wrapper"><figure class="elementor-image-box-img"><img decoding="async" width="200" height="300" src="https://edvar.pro.br/sindproifespa/wp-content/uploads/2023/10/MARIA-SOCORRO-min-200x300-1.png" class="attachment-medium size-medium wp-image-465" alt="" /></figure><div class="elementor-image-box-content"><h3 class="elementor-image-box-title">Prof. Dr. Walber xxxx</h3><p class="elementor-image-box-description">Presidente do Sindproifes-PA</p></div></div>				</div>
				</div>
				</div>
					</div>
				</div>
				</div>

<p>Diretoria Atual A Diretoria Executiva do PROIFES-Federação é composta por membros do Conselho Deliberativo eleitos para um mandato trienal. São dezoito diretorias com representantes de todos os sindicatos federados ao PROIFES, com a responsabilidade da condução da Federação para os períodos eleitos, e também representando o PROIFES em atos, solenidades e eventos institucionais, governamentais e [&hellip;]</p>
