{"id":21,"date":"2023-10-12T14:40:37","date_gmt":"2023-10-12T17:40:37","guid":{"rendered":"https:\/\/edvar.pro.br\/sindproifespa\/?page_id=21"},"modified":"2023-10-13T20:50:05","modified_gmt":"2023-10-13T23:50:05","slug":"quem-somos","status":"publish","type":"page","link":"https:\/\/edvar.pro.br\/sindproifespa\/quem-somos\/","title":{"rendered":"Quem somos"},"content":{"rendered":"\t\t<div data-elementor-type=\"wp-page\" data-elementor-id=\"21\" class=\"elementor elementor-21\" data-elementor-post-type=\"page\">\n\t\t\t\t<div class=\"elementor-element elementor-element-7c316d9 e-flex e-con-boxed e-con e-parent\" data-id=\"7c316d9\" data-element_type=\"container\" data-settings=\"{&quot;background_background&quot;:&quot;classic&quot;}\">\n\t\t\t\t\t<div class=\"e-con-inner\">\n\t\t\t\t<div class=\"elementor-element elementor-element-33645df elementor-widget elementor-widget-heading\" data-id=\"33645df\" data-element_type=\"widget\" data-widget_type=\"heading.default\">\n\t\t\t\t<div class=\"elementor-widget-container\">\n\t\t\t\t\t<h2 class=\"elementor-heading-title elementor-size-default\">Quem somos<\/h2>\t\t\t\t<\/div>\n\t\t\t\t<\/div>\n\t\t\t\t\t<\/div>\n\t\t\t\t<\/div>\n\t\t<div class=\"elementor-element elementor-element-0c87c90 e-flex e-con-boxed e-con e-parent\" data-id=\"0c87c90\" data-element_type=\"container\">\n\t\t\t\t\t<div class=\"e-con-inner\">\n\t\t\t\t<div class=\"elementor-element elementor-element-f9fc90e elementor-widget elementor-widget-text-editor\" data-id=\"f9fc90e\" data-element_type=\"widget\" data-widget_type=\"text-editor.default\">\n\t\t\t\t<div class=\"elementor-widget-container\">\n\t\t\t\t\t\t\t\t\t<p>A Federa\u00e7\u00e3o de Sindicatos de Professores e Professoras de Institui\u00e7\u00f5es Federais de Ensino Superior e de Ensino B\u00e1sico T\u00e9cnico e Tecnol\u00f3gico, PROIFES-Federa\u00e7\u00e3o, \u00e9 uma organiza\u00e7\u00e3o sindical que representa os interesses dos docentes de ensino superior, b\u00e1sico, t\u00e9cnico e tecnol\u00f3gico no \u00e2mbito das institui\u00e7\u00f5es federais de ensino no pa\u00eds. Com o objetivo de promover a defesa dos direitos trabalhistas, a valoriza\u00e7\u00e3o da carreira docente e a qualidade do ensino, essa federa\u00e7\u00e3o re\u00fane sindicatos de diferentes estados do Brasil, unindo for\u00e7as e vozes em prol de uma educa\u00e7\u00e3o p\u00fablica e de excel\u00eancia.<\/p>\t\t\t\t\t\t\t\t<\/div>\n\t\t\t\t<\/div>\n\t\t\t\t<div class=\"elementor-element elementor-element-22e6e3a elementor-widget elementor-widget-text-editor\" data-id=\"22e6e3a\" data-element_type=\"widget\" data-widget_type=\"text-editor.default\">\n\t\t\t\t<div class=\"elementor-widget-container\">\n\t\t\t\t\t\t\t\t\t<p>Sua origem \u00e9 marcada pelos princ\u00edpios de pluralidade, descentraliza\u00e7\u00e3o, independ\u00eancia e democracia, para preservar a possibilidade de uma representa\u00e7\u00e3o docente que n\u00e3o tivesse a caracter\u00edstica de um modelo sindical verticalizado. O PROIFES tem por princ\u00edpio n\u00e3o abrir m\u00e3o dos espa\u00e7os plurais de discuss\u00e3o e express\u00e3o de cada ideia, de cada sindicato, e se consolida nas mesas de negocia\u00e7\u00e3o como interlocutor propositivo dos docentes das IFES, capaz de negociar avan\u00e7os importantes, em bases s\u00f3lidas, com propostas reais. Nos anos de 2006 a 2015 todas as conquistas de carreira e reajustes salariais s\u00e3o assinados e negociados pelo PROIFES-Federa\u00e7\u00e3o.<\/p>\t\t\t\t\t\t\t\t<\/div>\n\t\t\t\t<\/div>\n\t\t\t\t\t<\/div>\n\t\t\t\t<\/div>\n\t\t\t\t<\/div>\n\t\t","protected":false},"excerpt":{"rendered":"<p>Quem somos A Federa\u00e7\u00e3o de Sindicatos de Professores e Professoras de Institui\u00e7\u00f5es Federais de Ensino Superior e de Ensino B\u00e1sico T\u00e9cnico e Tecnol\u00f3gico, PROIFES-Federa\u00e7\u00e3o, \u00e9 uma organiza\u00e7\u00e3o sindical que representa os interesses dos docentes de ensino superior, b\u00e1sico, t\u00e9cnico e tecnol\u00f3gico no \u00e2mbito das institui\u00e7\u00f5es federais de ensino no pa\u00eds. Com o objetivo de promover [&hellip;]<\/p>\n","protected":false},"author":1,"featured_media":0,"parent":0,"menu_order":0,"comment_status":"closed","ping_status":"closed","template":"","meta":{"footnotes":""},"class_list":["post-21","page","type-page","status-publish","hentry"],"_links":{"self":[{"href":"https:\/\/edvar.pro.br\/sindproifespa\/wp-json\/wp\/v2\/pages\/21","targetHints":{"allow":["GET"]}}],"collection":[{"href":"https:\/\/edvar.pro.br\/sindproifespa\/wp-json\/wp\/v2\/pages"}],"about":[{"href":"https:\/\/edvar.pro.br\/sindproifespa\/wp-json\/wp\/v2\/types\/page"}],"author":[{"embeddable":true,"href":"https:\/\/edvar.pro.br\/sindproifespa\/wp-json\/wp\/v2\/users\/1"}],"replies":[{"embeddable":true,"href":"https:\/\/edvar.pro.br\/sindproifespa\/wp-json\/wp\/v2\/comments?post=21"}],"version-history":[{"count":13,"href":"https:\/\/edvar.pro.br\/sindproifespa\/wp-json\/wp\/v2\/pages\/21\/revisions"}],"predecessor-version":[{"id":451,"href":"https:\/\/edvar.pro.br\/sindproifespa\/wp-json\/wp\/v2\/pages\/21\/revisions\/451"}],"wp:attachment":[{"href":"https:\/\/edvar.pro.br\/sindproifespa\/wp-json\/wp\/v2\/media?parent=21"}],"curies":[{"name":"wp","href":"https:\/\/api.w.org\/{rel}","templated":true}]}}

<div data-elementor-type="wp-page" data-elementor-id="21" class="elementor elementor-21" data-elementor-post-type="page">
				<div class="elementor-element elementor-element-7c316d9 e-flex e-con-boxed e-con e-parent" data-id="7c316d9" data-element_type="container" data-settings="{&quot;background_background&quot;:&quot;classic&quot;}">
					<div class="e-con-inner">
				<div class="elementor-element elementor-element-33645df elementor-widget elementor-widget-heading" data-id="33645df" data-element_type="widget" data-widget_type="heading.default">
				<div class="elementor-widget-container">
					<h2 class="elementor-heading-title elementor-size-default">Quem somos</h2>				</div>
				</div>
					</div>
				</div>
		<div class="elementor-element elementor-element-0c87c90 e-flex e-con-boxed e-con e-parent" data-id="0c87c90" data-element_type="container">
					<div class="e-con-inner">
				<div class="elementor-element elementor-element-f9fc90e elementor-widget elementor-widget-text-editor" data-id="f9fc90e" data-element_type="widget" data-widget_type="text-editor.default">
				<div class="elementor-widget-container">
									<p>A Federação de Sindicatos de Professores e Professoras de Instituições Federais de Ensino Superior e de Ensino Básico Técnico e Tecnológico, PROIFES-Federação, é uma organização sindical que representa os interesses dos docentes de ensino superior, básico, técnico e tecnológico no âmbito das instituições federais de ensino no país. Com o objetivo de promover a defesa dos direitos trabalhistas, a valorização da carreira docente e a qualidade do ensino, essa federação reúne sindicatos de diferentes estados do Brasil, unindo forças e vozes em prol de uma educação pública e de excelência.</p>								</div>
				</div>
				<div class="elementor-element elementor-element-22e6e3a elementor-widget elementor-widget-text-editor" data-id="22e6e3a" data-element_type="widget" data-widget_type="text-editor.default">
				<div class="elementor-widget-container">
									<p>Sua origem é marcada pelos princípios de pluralidade, descentralização, independência e democracia, para preservar a possibilidade de uma representação docente que não tivesse a característica de um modelo sindical verticalizado. O PROIFES tem por princípio não abrir mão dos espaços plurais de discussão e expressão de cada ideia, de cada sindicato, e se consolida nas mesas de negociação como interlocutor propositivo dos docentes das IFES, capaz de negociar avanços importantes, em bases sólidas, com propostas reais. Nos anos de 2006 a 2015 todas as conquistas de carreira e reajustes salariais são assinados e negociados pelo PROIFES-Federação.</p>								</div>
				</div>
					</div>
				</div>
				</div>

<p>Quem somos A Federação de Sindicatos de Professores e Professoras de Instituições Federais de Ensino Superior e de Ensino Básico Técnico e Tecnológico, PROIFES-Federação, é uma organização sindical que representa os interesses dos docentes de ensino superior, básico, técnico e tecnológico no âmbito das instituições federais de ensino no país. Com o objetivo de promover [&hellip;]</p>
